{"id":376947,"date":"2025-06-16T22:01:00","date_gmt":"2025-06-16T22:01:00","guid":{"rendered":"https:\/\/guarandafigueroarepuestos.com\/?page_id=376947"},"modified":"2026-03-23T23:00:12","modified_gmt":"2026-03-23T23:00:12","slug":"acumula-y-gana","status":"publish","type":"page","link":"https:\/\/guarandafigueroarepuestos.com\/index.php\/acumula-y-gana\/","title":{"rendered":"ACUMULA Y GANA"},"content":{"rendered":"<div class=\"fusion-fullwidth fullwidth-box fusion-builder-row-1 fusion-flex-container has-pattern-background has-mask-background nonhundred-percent-fullwidth non-hundred-percent-height-scrolling\" style=\"--awb-border-radius-top-left:0px;--awb-border-radius-top-right:0px;--awb-border-radius-bottom-right:0px;--awb-border-radius-bottom-left:0px;--awb-flex-wrap:wrap;\" ><div class=\"fusion-builder-row fusion-row fusion-flex-align-items-flex-start fusion-flex-content-wrap\" style=\"max-width:2350.4px;margin-left: calc(-4% \/ 2 );margin-right: calc(-4% \/ 2 );\"><div class=\"fusion-layout-column fusion_builder_column fusion-builder-column-0 fusion_builder_column_1_1 1_1 fusion-flex-column\" style=\"--awb-bg-size:cover;--awb-width-large:100%;--awb-margin-top-large:15px;--awb-spacing-right-large:1.92%;--awb-margin-bottom-large:15px;--awb-spacing-left-large:1.92%;--awb-width-medium:100%;--awb-order-medium:0;--awb-spacing-right-medium:1.92%;--awb-spacing-left-medium:1.92%;--awb-width-small:100%;--awb-order-small:0;--awb-spacing-right-small:1.92%;--awb-spacing-left-small:1.92%;\" data-scroll-devices=\"small-visibility,medium-visibility,large-visibility\"><div class=\"fusion-column-wrapper fusion-column-has-shadow fusion-flex-justify-content-flex-start fusion-content-layout-column\"><div class=\"fusion-text fusion-text-1\" style=\"--awb-text-font-family:&#039;Palatino Linotype&#039;, &#039;Book Antiqua&#039;, Palatino, serif;--awb-text-font-style:normal;--awb-text-font-weight:400;\"><h2 style=\"text-align: center;\"><span style=\"color: #173293;\"><em>COMPRA, ACUMULA Y GANA<\/em><\/span><\/h2>\n<hr \/>\n<h3 style=\"text-align: center;\"><span style=\"color: #333333;\">Desde el 01 de Enero al 31 de Mayo Y <\/span><span style=\"color: #333333;\">Desde el 01 de Junio al 30 de Noviembre<\/span><\/h3>\n<h3 style=\"text-align: center;\"><span style=\"color: #173293;\">\u00a1Cada Compra Cuenta, Obt\u00e9n Grandes Premios!<\/span><\/h3>\n<hr \/>\n<h3 style=\"text-align: center;\"><\/h3>\n<\/div><div class=\"fusion-image-carousel fusion-image-carousel-auto fusion-image-carousel-1\"><div data-marquee-direction=\"left\" class=\"awb-carousel awb-swiper awb-swiper-carousel awb-swiper-dots-position-bottom awb-carousel--marquee\" data-layout=\"marquee\" data-autoplay=\"yes\" data-autoplayspeed=\"2500\" data-autoplaypause=\"yes\" data-columns=\"3.0\" data-itemmargin=\"10\" data-itemwidth=\"180\" data-touchscroll=\"no\" data-freemode=\"no\" data-imagesize=\"auto\" data-scrollitems=\"0\" data-centeredslides=\"no\" data-rotationangle=\"50\" data-depth=\"100\" data-speed=\"5000\" data-shadow=\"no\" style=\"--awb-columns:3.0;--awb-column-spacing:10px;--awb-dots-align:center;\"><div class=\"swiper-wrapper awb-image-carousel-wrapper fusion-flex-align-items-center\"><div class=\"swiper-slide\"><div class=\"fusion-carousel-item-wrapper\"><div class=\"fusion-image-wrapper hover-type-none\"><img decoding=\"async\" width=\"566\" height=\"794\" src=\"https:\/\/guarandafigueroarepuestos.com\/wp-content\/uploads\/2026\/03\/PREMIO-1.png\" class=\"attachment-full size-full\" alt=\"\" srcset=\"https:\/\/guarandafigueroarepuestos.com\/wp-content\/uploads\/2026\/03\/PREMIO-1-200x281.png 200w, https:\/\/guarandafigueroarepuestos.com\/wp-content\/uploads\/2026\/03\/PREMIO-1-400x561.png 400w, https:\/\/guarandafigueroarepuestos.com\/wp-content\/uploads\/2026\/03\/PREMIO-1.png 566w\" sizes=\"(min-width: 2200px) 100vw, (min-width: 784px) 747px, (min-width: 712px) 784px, (min-width: 640px) 712px, \" \/><\/div><\/div><\/div><div class=\"swiper-slide\"><div class=\"fusion-carousel-item-wrapper\"><div class=\"fusion-image-wrapper hover-type-none\"><img decoding=\"async\" width=\"566\" height=\"794\" src=\"https:\/\/guarandafigueroarepuestos.com\/wp-content\/uploads\/2026\/03\/PREMIO-2.png\" class=\"attachment-full size-full\" alt=\"\" srcset=\"https:\/\/guarandafigueroarepuestos.com\/wp-content\/uploads\/2026\/03\/PREMIO-2-200x281.png 200w, https:\/\/guarandafigueroarepuestos.com\/wp-content\/uploads\/2026\/03\/PREMIO-2-400x561.png 400w, https:\/\/guarandafigueroarepuestos.com\/wp-content\/uploads\/2026\/03\/PREMIO-2.png 566w\" sizes=\"(min-width: 2200px) 100vw, (min-width: 784px) 747px, (min-width: 712px) 784px, (min-width: 640px) 712px, \" \/><\/div><\/div><\/div><div class=\"swiper-slide\"><div class=\"fusion-carousel-item-wrapper\"><div class=\"fusion-image-wrapper hover-type-none\"><img decoding=\"async\" width=\"566\" height=\"794\" src=\"https:\/\/guarandafigueroarepuestos.com\/wp-content\/uploads\/2026\/03\/PREMIO-3.png\" class=\"attachment-full size-full\" alt=\"\" srcset=\"https:\/\/guarandafigueroarepuestos.com\/wp-content\/uploads\/2026\/03\/PREMIO-3-200x281.png 200w, https:\/\/guarandafigueroarepuestos.com\/wp-content\/uploads\/2026\/03\/PREMIO-3-400x561.png 400w, https:\/\/guarandafigueroarepuestos.com\/wp-content\/uploads\/2026\/03\/PREMIO-3.png 566w\" sizes=\"(min-width: 2200px) 100vw, (min-width: 784px) 747px, (min-width: 712px) 784px, (min-width: 640px) 712px, \" \/><\/div><\/div><\/div><div class=\"swiper-slide\"><div class=\"fusion-carousel-item-wrapper\"><div class=\"fusion-image-wrapper hover-type-none\"><img decoding=\"async\" width=\"566\" height=\"794\" src=\"https:\/\/guarandafigueroarepuestos.com\/wp-content\/uploads\/2026\/03\/PREMIO-4.png\" class=\"attachment-full size-full\" alt=\"\" srcset=\"https:\/\/guarandafigueroarepuestos.com\/wp-content\/uploads\/2026\/03\/PREMIO-4-200x281.png 200w, https:\/\/guarandafigueroarepuestos.com\/wp-content\/uploads\/2026\/03\/PREMIO-4-400x561.png 400w, https:\/\/guarandafigueroarepuestos.com\/wp-content\/uploads\/2026\/03\/PREMIO-4.png 566w\" sizes=\"(min-width: 2200px) 100vw, (min-width: 784px) 747px, (min-width: 712px) 784px, (min-width: 640px) 712px, \" \/><\/div><\/div><\/div><div class=\"swiper-slide\"><div class=\"fusion-carousel-item-wrapper\"><div class=\"fusion-image-wrapper hover-type-none\"><img decoding=\"async\" width=\"566\" height=\"794\" src=\"https:\/\/guarandafigueroarepuestos.com\/wp-content\/uploads\/2026\/03\/PREMIO-5.png\" class=\"attachment-full size-full\" alt=\"\" srcset=\"https:\/\/guarandafigueroarepuestos.com\/wp-content\/uploads\/2026\/03\/PREMIO-5-200x281.png 200w, https:\/\/guarandafigueroarepuestos.com\/wp-content\/uploads\/2026\/03\/PREMIO-5-400x561.png 400w, https:\/\/guarandafigueroarepuestos.com\/wp-content\/uploads\/2026\/03\/PREMIO-5.png 566w\" sizes=\"(min-width: 2200px) 100vw, (min-width: 784px) 747px, (min-width: 712px) 784px, (min-width: 640px) 712px, \" \/><\/div><\/div><\/div><\/div><div class=\"awb-swiper-button awb-swiper-button-prev\"><i class=\"awb-icon-angle-left\" aria-hidden=\"true\"><\/i><\/div><div class=\"awb-swiper-button awb-swiper-button-next\"><i class=\"awb-icon-angle-right\" aria-hidden=\"true\"><\/i><\/div><\/div><\/div><div class=\"fusion-text fusion-text-2\"><h4 style=\"text-align: center;\"><strong><span style=\"color: #173293;\">Los montos de compra son actualizados entre per\u00edodos de tiempo.\u00a0<\/span><\/strong><\/h4>\n<h4 style=\"text-align: center;\"><span style=\"color: #000000;\">\u00bfNecesitas m\u00e1s informaci\u00f3n? Comun\u00edcate con tu asesor de ventas<\/span><\/h4>\n<hr \/>\n<\/div><div class=\"fusion-text fusion-text-3\"><h3>Elige la sucursal en la que estas participando:<\/h3>\n<\/div><div style=\"display:flex; justify-content:center; margin:50px 0;\">\n\n  <div style=\"position:relative; width:550px; max-width:95%;\">\n\n    <!-- ICONO -->\n    <span style=\"\n      position:absolute;\n      left:18px;\n      top:50%;\n      transform:translateY(-50%);\n      font-size:18px;\n      color:#1e73be;\n      pointer-events:none;\n    \">\ud83d\udd0e<\/span>\n\n    <!-- SELECT -->\n    <select onchange=\"if (this.value) window.location.href=this.value;\" \n            style=\"\n            width:100%;\n            padding:18px 50px 18px 50px;\n            border-radius:40px;\n            border:2px solid #1e73be;\n            font-size:18px;\n            background-color:#ffffff;\n            color:#000000;\n            font-weight:500;\n            cursor:pointer;\n            outline:none;\n            box-shadow: 0 8px 20px rgba(0,0,0,0.15);\n            transition: all 0.3s ease;\n            appearance:none;\n            -webkit-appearance:none;\n            -moz-appearance:none;\n            \"\n\n            onfocus=\"this.style.borderColor='#ff6600'; this.style.boxShadow='0 8px 25px rgba(0,0,0,0.25)';\"\n            onblur=\"this.style.borderColor='#1e73be'; this.style.boxShadow='0 8px 20px rgba(0,0,0,0.15)';\">\n\n      <option value=\"\" disabled selected>Selecciona tu sucursal<\/option>\n\n      <option value=\"https:\/\/guarandafigueroarepuestos.com\/index.php\/gf-tumbaco-2\/\">Tumbaco<\/option>\n      <option value=\"https:\/\/guarandafigueroarepuestos.com\/index.php\/gf-bodega-tumbaco\/\">Bodega Tumbaco<\/option>\n      <option value=\"https:\/\/guarandafigueroarepuestos.com\/index.php\/gf-yaruqui-2\/\">Yaruqu\u00ed<\/option>\n      <option value=\"https:\/\/guarandafigueroarepuestos.com\/index.php\/gf-calderon\/\">Calder\u00f3n<\/option>\n      <option value=\"https:\/\/guarandafigueroarepuestos.com\/index.php\/gf-mitad-del-mundo\/\">Mitad del Mundo<\/option>\n      <option value=\"https:\/\/guarandafigueroarepuestos.com\/index.php\/gf-occidental\/\">Occidental<\/option>\n      <option value=\"https:\/\/guarandafigueroarepuestos.com\/index.php\/gf-conocoto\/\">Conocoto<\/option>\n\n    <\/select>\n\n    <!-- FLECHA -->\n    <span style=\"\n      position:absolute;\n      right:20px;\n      top:50%;\n      transform:translateY(-50%);\n      font-size:16px;\n      color:#1e73be;\n      pointer-events:none;\n    \">\u25bc<\/span>\n\n  <\/div>\n\n<\/div><\/div><\/div><\/div><\/div>\n","protected":false},"excerpt":{"rendered":"","protected":false},"author":5,"featured_media":0,"parent":0,"menu_order":0,"comment_status":"closed","ping_status":"closed","template":"","meta":{"footnotes":""},"class_list":["post-376947","page","type-page","status-publish","hentry"],"yoast_head":"<!-- This site is optimized with the Yoast SEO plugin v25.1 - https:\/\/yoast.com\/wordpress\/plugins\/seo\/ -->\n<title>ACUMULA Y GANA - GUARANDA FIGUEROA<\/title>\n<meta name=\"description\" content=\"Acumula y Gana, \u00a1Aqu\u00ed en Guaranda Figueora, donde compran los expertos! *\" \/>\n<meta name=\"robots\" content=\"index, follow, max-snippet:-1, max-image-preview:large, max-video-preview:-1\" \/>\n<link rel=\"canonical\" href=\"https:\/\/guarandafigueroarepuestos.com\/index.php\/acumula-y-gana\/\" \/>\n<meta property=\"og:locale\" content=\"es_ES\" \/>\n<meta property=\"og:type\" content=\"article\" \/>\n<meta property=\"og:title\" content=\"ACUMULA Y GANA - GUARANDA FIGUEROA\" \/>\n<meta property=\"og:description\" content=\"Acumula y Gana, \u00a1Aqu\u00ed en Guaranda Figueora, donde compran los expertos! *\" \/>\n<meta property=\"og:url\" content=\"https:\/\/guarandafigueroarepuestos.com\/index.php\/acumula-y-gana\/\" \/>\n<meta property=\"og:site_name\" content=\"GUARANDA FIGUEROA\" \/>\n<meta property=\"article:modified_time\" content=\"2026-03-23T23:00:12+00:00\" \/>\n<meta name=\"twitter:card\" content=\"summary_large_image\" \/>\n<meta name=\"twitter:label1\" content=\"Tiempo de lectura\" \/>\n\t<meta name=\"twitter:data1\" content=\"2 minutos\" \/>\n<script type=\"application\/ld+json\" class=\"yoast-schema-graph\">{\"@context\":\"https:\/\/schema.org\",\"@graph\":[{\"@type\":\"WebPage\",\"@id\":\"https:\/\/guarandafigueroarepuestos.com\/index.php\/acumula-y-gana\/\",\"url\":\"https:\/\/guarandafigueroarepuestos.com\/index.php\/acumula-y-gana\/\",\"name\":\"ACUMULA Y GANA - GUARANDA FIGUEROA\",\"isPartOf\":{\"@id\":\"https:\/\/guarandafigueroarepuestos.com\/#website\"},\"datePublished\":\"2025-06-16T22:01:00+00:00\",\"dateModified\":\"2026-03-23T23:00:12+00:00\",\"description\":\"Acumula y Gana, \u00a1Aqu\u00ed en Guaranda Figueora, donde compran los expertos! *\",\"breadcrumb\":{\"@id\":\"https:\/\/guarandafigueroarepuestos.com\/index.php\/acumula-y-gana\/#breadcrumb\"},\"inLanguage\":\"es\",\"potentialAction\":[{\"@type\":\"ReadAction\",\"target\":[\"https:\/\/guarandafigueroarepuestos.com\/index.php\/acumula-y-gana\/\"]}]},{\"@type\":\"BreadcrumbList\",\"@id\":\"https:\/\/guarandafigueroarepuestos.com\/index.php\/acumula-y-gana\/#breadcrumb\",\"itemListElement\":[{\"@type\":\"ListItem\",\"position\":1,\"name\":\"Portada\",\"item\":\"https:\/\/guarandafigueroarepuestos.com\/\"},{\"@type\":\"ListItem\",\"position\":2,\"name\":\"ACUMULA Y GANA\"}]},{\"@type\":\"WebSite\",\"@id\":\"https:\/\/guarandafigueroarepuestos.com\/#website\",\"url\":\"https:\/\/guarandafigueroarepuestos.com\/\",\"name\":\"GUARANDA FIGUEROA\",\"description\":\"REPUESTOS AUTOMOTRICES\",\"publisher\":{\"@id\":\"https:\/\/guarandafigueroarepuestos.com\/#organization\"},\"potentialAction\":[{\"@type\":\"SearchAction\",\"target\":{\"@type\":\"EntryPoint\",\"urlTemplate\":\"https:\/\/guarandafigueroarepuestos.com\/?s={search_term_string}\"},\"query-input\":{\"@type\":\"PropertyValueSpecification\",\"valueRequired\":true,\"valueName\":\"search_term_string\"}}],\"inLanguage\":\"es\"},{\"@type\":\"Organization\",\"@id\":\"https:\/\/guarandafigueroarepuestos.com\/#organization\",\"name\":\"Guaranda Figueroa Repuestos\",\"alternateName\":\"Guaranda Figueroa Repuestos\",\"url\":\"https:\/\/guarandafigueroarepuestos.com\/\",\"logo\":{\"@type\":\"ImageObject\",\"inLanguage\":\"es\",\"@id\":\"https:\/\/guarandafigueroarepuestos.com\/#\/schema\/logo\/image\/\",\"url\":\"https:\/\/guarandafigueroarepuestos.com\/wp-content\/uploads\/2025\/05\/cropped-Diseno-sin-titulo-2025-05-26T171805.272-e1748377787134.png\",\"contentUrl\":\"https:\/\/guarandafigueroarepuestos.com\/wp-content\/uploads\/2025\/05\/cropped-Diseno-sin-titulo-2025-05-26T171805.272-e1748377787134.png\",\"width\":34,\"height\":34,\"caption\":\"Guaranda Figueroa Repuestos\"},\"image\":{\"@id\":\"https:\/\/guarandafigueroarepuestos.com\/#\/schema\/logo\/image\/\"}}]}<\/script>\n<!-- \/ Yoast SEO plugin. -->","yoast_head_json":{"title":"ACUMULA Y GANA - GUARANDA FIGUEROA","description":"Acumula y Gana, \u00a1Aqu\u00ed en Guaranda Figueora, donde compran los expertos! *","robots":{"index":"index","follow":"follow","max-snippet":"max-snippet:-1","max-image-preview":"max-image-preview:large","max-video-preview":"max-video-preview:-1"},"canonical":"https:\/\/guarandafigueroarepuestos.com\/index.php\/acumula-y-gana\/","og_locale":"es_ES","og_type":"article","og_title":"ACUMULA Y GANA - GUARANDA FIGUEROA","og_description":"Acumula y Gana, \u00a1Aqu\u00ed en Guaranda Figueora, donde compran los expertos! *","og_url":"https:\/\/guarandafigueroarepuestos.com\/index.php\/acumula-y-gana\/","og_site_name":"GUARANDA FIGUEROA","article_modified_time":"2026-03-23T23:00:12+00:00","twitter_card":"summary_large_image","twitter_misc":{"Tiempo de lectura":"2 minutos"},"schema":{"@context":"https:\/\/schema.org","@graph":[{"@type":"WebPage","@id":"https:\/\/guarandafigueroarepuestos.com\/index.php\/acumula-y-gana\/","url":"https:\/\/guarandafigueroarepuestos.com\/index.php\/acumula-y-gana\/","name":"ACUMULA Y GANA - GUARANDA FIGUEROA","isPartOf":{"@id":"https:\/\/guarandafigueroarepuestos.com\/#website"},"datePublished":"2025-06-16T22:01:00+00:00","dateModified":"2026-03-23T23:00:12+00:00","description":"Acumula y Gana, \u00a1Aqu\u00ed en Guaranda Figueora, donde compran los expertos! *","breadcrumb":{"@id":"https:\/\/guarandafigueroarepuestos.com\/index.php\/acumula-y-gana\/#breadcrumb"},"inLanguage":"es","potentialAction":[{"@type":"ReadAction","target":["https:\/\/guarandafigueroarepuestos.com\/index.php\/acumula-y-gana\/"]}]},{"@type":"BreadcrumbList","@id":"https:\/\/guarandafigueroarepuestos.com\/index.php\/acumula-y-gana\/#breadcrumb","itemListElement":[{"@type":"ListItem","position":1,"name":"Portada","item":"https:\/\/guarandafigueroarepuestos.com\/"},{"@type":"ListItem","position":2,"name":"ACUMULA Y GANA"}]},{"@type":"WebSite","@id":"https:\/\/guarandafigueroarepuestos.com\/#website","url":"https:\/\/guarandafigueroarepuestos.com\/","name":"GUARANDA FIGUEROA","description":"REPUESTOS AUTOMOTRICES","publisher":{"@id":"https:\/\/guarandafigueroarepuestos.com\/#organization"},"potentialAction":[{"@type":"SearchAction","target":{"@type":"EntryPoint","urlTemplate":"https:\/\/guarandafigueroarepuestos.com\/?s={search_term_string}"},"query-input":{"@type":"PropertyValueSpecification","valueRequired":true,"valueName":"search_term_string"}}],"inLanguage":"es"},{"@type":"Organization","@id":"https:\/\/guarandafigueroarepuestos.com\/#organization","name":"Guaranda Figueroa Repuestos","alternateName":"Guaranda Figueroa Repuestos","url":"https:\/\/guarandafigueroarepuestos.com\/","logo":{"@type":"ImageObject","inLanguage":"es","@id":"https:\/\/guarandafigueroarepuestos.com\/#\/schema\/logo\/image\/","url":"https:\/\/guarandafigueroarepuestos.com\/wp-content\/uploads\/2025\/05\/cropped-Diseno-sin-titulo-2025-05-26T171805.272-e1748377787134.png","contentUrl":"https:\/\/guarandafigueroarepuestos.com\/wp-content\/uploads\/2025\/05\/cropped-Diseno-sin-titulo-2025-05-26T171805.272-e1748377787134.png","width":34,"height":34,"caption":"Guaranda Figueroa Repuestos"},"image":{"@id":"https:\/\/guarandafigueroarepuestos.com\/#\/schema\/logo\/image\/"}}]}},"_links":{"self":[{"href":"https:\/\/guarandafigueroarepuestos.com\/index.php\/wp-json\/wp\/v2\/pages\/376947","targetHints":{"allow":["GET"]}}],"collection":[{"href":"https:\/\/guarandafigueroarepuestos.com\/index.php\/wp-json\/wp\/v2\/pages"}],"about":[{"href":"https:\/\/guarandafigueroarepuestos.com\/index.php\/wp-json\/wp\/v2\/types\/page"}],"author":[{"embeddable":true,"href":"https:\/\/guarandafigueroarepuestos.com\/index.php\/wp-json\/wp\/v2\/users\/5"}],"replies":[{"embeddable":true,"href":"https:\/\/guarandafigueroarepuestos.com\/index.php\/wp-json\/wp\/v2\/comments?post=376947"}],"version-history":[{"count":54,"href":"https:\/\/guarandafigueroarepuestos.com\/index.php\/wp-json\/wp\/v2\/pages\/376947\/revisions"}],"predecessor-version":[{"id":377775,"href":"https:\/\/guarandafigueroarepuestos.com\/index.php\/wp-json\/wp\/v2\/pages\/376947\/revisions\/377775"}],"wp:attachment":[{"href":"https:\/\/guarandafigueroarepuestos.com\/index.php\/wp-json\/wp\/v2\/media?parent=376947"}],"curies":[{"name":"wp","href":"https:\/\/api.w.org\/{rel}","templated":true}]}}