{"id":23664,"date":"2020-07-21T22:21:03","date_gmt":"2020-07-21T22:21:03","guid":{"rendered":"https:\/\/guarandafigueroarepuestos.com\/?post_type=product&#038;p=23664"},"modified":"2025-03-20T20:03:25","modified_gmt":"2025-03-20T20:03:25","slug":"electro-ventilador-chevrolet-swift-1600-92-96","status":"publish","type":"product","link":"https:\/\/guarandafigueroarepuestos.com\/index.php\/producto\/electro-ventilador-chevrolet-swift-1600-92-96\/","title":{"rendered":"ELECTRO VENTILADOR CHEVROLET SWIFT 1.6"},"content":{"rendered":"<h2>ELECTRO VENTILADOR CHEVROLET SWIFT 1.6<\/h2>\n<pre><strong>DESDE EL A\u00d1O 1992 AL 1996<\/strong><\/pre>\n<ul>\n<li>ANCHO 33.2CM<\/li>\n<li>LARGO 33.2CM<\/li>\n<\/ul>\n<p>Si tienes un <strong>Chevrolet Swift 1.6<\/strong> y necesitas un <strong>electro ventilador de reemplazo<\/strong>, tenemos la opci\u00f3n ideal para ti. Nuestro <strong>electro ventilador para Chevrolet Swift 1.6<\/strong> es una pieza de repuesto dise\u00f1ada para proporcionar un rendimiento \u00f3ptimo y asegurar que tu motor no se sobrecaliente. Compatible con los modelos de <strong>Chevrolet Swift 1.6<\/strong> fabricados entre 2005 y 2010, este repuesto garantiza un ajuste perfecto, una instalaci\u00f3n sencilla y una larga durabilidad.<\/p>\n<p>El electro ventilador es una pieza fundamental para el sistema de refrigeraci\u00f3n del motor de tu veh\u00edculo. Su funci\u00f3n principal es mantener la temperatura del motor en niveles seguros, evitando sobrecalentamientos que podr\u00edan causar da\u00f1os graves al motor y a otros componentes del veh\u00edculo.<\/p>\n<h3>\u00bfC\u00f3mo Saber Si Necesitas Reemplazar Tu Electro ventilador?<\/h3>\n<p>Existen varios s\u00edntomas que pueden indicar que tu electroventilador est\u00e1 fallando. Si notas que:<\/p>\n<ul>\n<li>Tu coche se sobrecalienta con frecuencia, incluso cuando no est\u00e1 en condiciones extremas.<\/li>\n<li>El ventilador no enciende al aumentar la temperatura del motor.<\/li>\n<li>Se escuchan ruidos extra\u00f1os o el ventilador funciona de manera irregular. Entonces, es hora de considerar el reemplazo de tu <strong>electroventilador<\/strong>.<\/li>\n<\/ul>\n","protected":false},"excerpt":{"rendered":"<h3>ELECTRO VENTILADOR CHEVROLET SWIFT 1.6<\/h3>\n<pre><strong>DESDE EL A\u00d1O 1992 AL 1996<\/strong><\/pre>\n<ul>\n<li>ANCHO 33.2CM<\/li>\n<li>LARGO 33.2CM<\/li>\n<\/ul>\n<p><strong>MARCA:<\/strong> ALLPARTS<\/p>\n<p><strong>ORIGEN:<\/strong>COREANO<\/p>\n<p><strong>\u00bfTienes dudas sobre el electroventilador para tu Chevrolet Swift 1.6? \u00a1Cont\u00e1ctanos por WhatsApp ahora y te ayudamos con tu compra! Resolvemos todas tus preguntas de forma r\u00e1pida y segura.<\/strong><\/p>\n<p><a href=\"http:\/\/wa.me\/593983905270?text=hola%20necesito%20informacion%20del%20producto%\"><strong>\ud83d\udc49 Haz clic aqu\u00ed para hablar con nosotros en WhatsApp.<\/strong><\/a><\/p>\n","protected":false},"featured_media":375419,"comment_status":"open","ping_status":"closed","template":"","meta":[],"product_brand":[],"product_cat":[1651],"product_tag":[1656,1657,1659,1658],"class_list":{"0":"post-23664","1":"product","2":"type-product","3":"status-publish","4":"has-post-thumbnail","6":"product_cat-elecro-ventiladores","7":"product_tag-electro-ventilador-chevrolet-swift-1600-92-96","8":"product_tag-electro-ventilador-para-chevrolet-swift-1600-92-96","9":"product_tag-electro-ventilador-para-el-chevrolet-swift","10":"product_tag-electro-ventilador-para-el-chevrolet-swift-1600-92-96","12":"first","13":"instock","14":"sale","15":"taxable","16":"shipping-taxable","17":"purchasable","18":"product-type-simple"},"yoast_head":"<!-- This site is optimized with the Yoast SEO plugin v25.1 - https:\/\/yoast.com\/wordpress\/plugins\/seo\/ -->\n<title>ELECTRO VENTILADOR CHEVROLET SWIFT 1.6 - GUARANDA FIGUEROA<\/title>\n<meta name=\"description\" content=\"Compra el electroventilador para Chevrolet Swift 1.6. Repuesto de calidad y rendimiento \u00f3ptimo. Evita el sobrecalentamiento de tu motor.\" \/>\n<meta name=\"robots\" content=\"index, follow, max-snippet:-1, max-image-preview:large, max-video-preview:-1\" \/>\n<link rel=\"canonical\" href=\"https:\/\/guarandafigueroarepuestos.com\/index.php\/producto\/electro-ventilador-chevrolet-swift-1600-92-96\/\" \/>\n<meta property=\"og:locale\" content=\"es_ES\" \/>\n<meta property=\"og:type\" content=\"article\" \/>\n<meta property=\"og:title\" content=\"ELECTRO VENTILADOR CHEVROLET SWIFT 1.6 - GUARANDA FIGUEROA\" \/>\n<meta property=\"og:description\" content=\"Compra el electroventilador para Chevrolet Swift 1.6. Repuesto de calidad y rendimiento \u00f3ptimo. Evita el sobrecalentamiento de tu motor.\" \/>\n<meta property=\"og:url\" content=\"https:\/\/guarandafigueroarepuestos.com\/index.php\/producto\/electro-ventilador-chevrolet-swift-1600-92-96\/\" \/>\n<meta property=\"og:site_name\" content=\"GUARANDA FIGUEROA\" \/>\n<meta property=\"article:modified_time\" content=\"2025-03-20T20:03:25+00:00\" \/>\n<meta property=\"og:image\" content=\"https:\/\/guarandafigueroarepuestos.com\/wp-content\/uploads\/2020\/07\/ELECTRO-VENTILADOR-CHEVROLET-SWIFT-1.6.png\" \/>\n\t<meta property=\"og:image:width\" content=\"1080\" \/>\n\t<meta property=\"og:image:height\" content=\"1080\" \/>\n\t<meta property=\"og:image:type\" content=\"image\/png\" \/>\n<meta name=\"twitter:card\" content=\"summary_large_image\" \/>\n<meta name=\"twitter:label1\" content=\"Tiempo de lectura\" \/>\n\t<meta name=\"twitter:data1\" content=\"1 minuto\" \/>\n<script type=\"application\/ld+json\" class=\"yoast-schema-graph\">{\"@context\":\"https:\/\/schema.org\",\"@graph\":[{\"@type\":\"WebPage\",\"@id\":\"https:\/\/guarandafigueroarepuestos.com\/index.php\/producto\/electro-ventilador-chevrolet-swift-1600-92-96\/\",\"url\":\"https:\/\/guarandafigueroarepuestos.com\/index.php\/producto\/electro-ventilador-chevrolet-swift-1600-92-96\/\",\"name\":\"ELECTRO VENTILADOR CHEVROLET SWIFT 1.6 - GUARANDA FIGUEROA\",\"isPartOf\":{\"@id\":\"https:\/\/guarandafigueroarepuestos.com\/#website\"},\"primaryImageOfPage\":{\"@id\":\"https:\/\/guarandafigueroarepuestos.com\/index.php\/producto\/electro-ventilador-chevrolet-swift-1600-92-96\/#primaryimage\"},\"image\":{\"@id\":\"https:\/\/guarandafigueroarepuestos.com\/index.php\/producto\/electro-ventilador-chevrolet-swift-1600-92-96\/#primaryimage\"},\"thumbnailUrl\":\"https:\/\/guarandafigueroarepuestos.com\/wp-content\/uploads\/2020\/07\/ELECTRO-VENTILADOR-CHEVROLET-SWIFT-1.6.png\",\"datePublished\":\"2020-07-21T22:21:03+00:00\",\"dateModified\":\"2025-03-20T20:03:25+00:00\",\"description\":\"Compra el electroventilador para Chevrolet Swift 1.6. Repuesto de calidad y rendimiento \u00f3ptimo. Evita el sobrecalentamiento de tu motor.\",\"breadcrumb\":{\"@id\":\"https:\/\/guarandafigueroarepuestos.com\/index.php\/producto\/electro-ventilador-chevrolet-swift-1600-92-96\/#breadcrumb\"},\"inLanguage\":\"es\",\"potentialAction\":[{\"@type\":\"ReadAction\",\"target\":[\"https:\/\/guarandafigueroarepuestos.com\/index.php\/producto\/electro-ventilador-chevrolet-swift-1600-92-96\/\"]}]},{\"@type\":\"ImageObject\",\"inLanguage\":\"es\",\"@id\":\"https:\/\/guarandafigueroarepuestos.com\/index.php\/producto\/electro-ventilador-chevrolet-swift-1600-92-96\/#primaryimage\",\"url\":\"https:\/\/guarandafigueroarepuestos.com\/wp-content\/uploads\/2020\/07\/ELECTRO-VENTILADOR-CHEVROLET-SWIFT-1.6.png\",\"contentUrl\":\"https:\/\/guarandafigueroarepuestos.com\/wp-content\/uploads\/2020\/07\/ELECTRO-VENTILADOR-CHEVROLET-SWIFT-1.6.png\",\"width\":1080,\"height\":1080},{\"@type\":\"BreadcrumbList\",\"@id\":\"https:\/\/guarandafigueroarepuestos.com\/index.php\/producto\/electro-ventilador-chevrolet-swift-1600-92-96\/#breadcrumb\",\"itemListElement\":[{\"@type\":\"ListItem\",\"position\":1,\"name\":\"Portada\",\"item\":\"https:\/\/guarandafigueroarepuestos.com\/\"},{\"@type\":\"ListItem\",\"position\":2,\"name\":\"CATEGOR\u00cdAS\",\"item\":\"https:\/\/guarandafigueroarepuestos.com\/index.php\/product-categories\/\"},{\"@type\":\"ListItem\",\"position\":3,\"name\":\"ELECTRO VENTILADOR CHEVROLET SWIFT 1.6\"}]},{\"@type\":\"WebSite\",\"@id\":\"https:\/\/guarandafigueroarepuestos.com\/#website\",\"url\":\"https:\/\/guarandafigueroarepuestos.com\/\",\"name\":\"GUARANDA FIGUEROA\",\"description\":\"REPUESTOS AUTOMOTRICES\",\"publisher\":{\"@id\":\"https:\/\/guarandafigueroarepuestos.com\/#organization\"},\"potentialAction\":[{\"@type\":\"SearchAction\",\"target\":{\"@type\":\"EntryPoint\",\"urlTemplate\":\"https:\/\/guarandafigueroarepuestos.com\/?s={search_term_string}\"},\"query-input\":{\"@type\":\"PropertyValueSpecification\",\"valueRequired\":true,\"valueName\":\"search_term_string\"}}],\"inLanguage\":\"es\"},{\"@type\":\"Organization\",\"@id\":\"https:\/\/guarandafigueroarepuestos.com\/#organization\",\"name\":\"Guaranda Figueroa Repuestos\",\"alternateName\":\"Guaranda Figueroa Repuestos\",\"url\":\"https:\/\/guarandafigueroarepuestos.com\/\",\"logo\":{\"@type\":\"ImageObject\",\"inLanguage\":\"es\",\"@id\":\"https:\/\/guarandafigueroarepuestos.com\/#\/schema\/logo\/image\/\",\"url\":\"https:\/\/guarandafigueroarepuestos.com\/wp-content\/uploads\/2025\/05\/cropped-Diseno-sin-titulo-2025-05-26T171805.272-e1748377787134.png\",\"contentUrl\":\"https:\/\/guarandafigueroarepuestos.com\/wp-content\/uploads\/2025\/05\/cropped-Diseno-sin-titulo-2025-05-26T171805.272-e1748377787134.png\",\"width\":34,\"height\":34,\"caption\":\"Guaranda Figueroa Repuestos\"},\"image\":{\"@id\":\"https:\/\/guarandafigueroarepuestos.com\/#\/schema\/logo\/image\/\"}}]}<\/script>\n<!-- \/ Yoast SEO plugin. -->","yoast_head_json":{"title":"ELECTRO VENTILADOR CHEVROLET SWIFT 1.6 - GUARANDA FIGUEROA","description":"Compra el electroventilador para Chevrolet Swift 1.6. Repuesto de calidad y rendimiento \u00f3ptimo. Evita el sobrecalentamiento de tu motor.","robots":{"index":"index","follow":"follow","max-snippet":"max-snippet:-1","max-image-preview":"max-image-preview:large","max-video-preview":"max-video-preview:-1"},"canonical":"https:\/\/guarandafigueroarepuestos.com\/index.php\/producto\/electro-ventilador-chevrolet-swift-1600-92-96\/","og_locale":"es_ES","og_type":"article","og_title":"ELECTRO VENTILADOR CHEVROLET SWIFT 1.6 - GUARANDA FIGUEROA","og_description":"Compra el electroventilador para Chevrolet Swift 1.6. Repuesto de calidad y rendimiento \u00f3ptimo. Evita el sobrecalentamiento de tu motor.","og_url":"https:\/\/guarandafigueroarepuestos.com\/index.php\/producto\/electro-ventilador-chevrolet-swift-1600-92-96\/","og_site_name":"GUARANDA FIGUEROA","article_modified_time":"2025-03-20T20:03:25+00:00","og_image":[{"width":1080,"height":1080,"url":"https:\/\/guarandafigueroarepuestos.com\/wp-content\/uploads\/2020\/07\/ELECTRO-VENTILADOR-CHEVROLET-SWIFT-1.6.png","type":"image\/png"}],"twitter_card":"summary_large_image","twitter_misc":{"Tiempo de lectura":"1 minuto"},"schema":{"@context":"https:\/\/schema.org","@graph":[{"@type":"WebPage","@id":"https:\/\/guarandafigueroarepuestos.com\/index.php\/producto\/electro-ventilador-chevrolet-swift-1600-92-96\/","url":"https:\/\/guarandafigueroarepuestos.com\/index.php\/producto\/electro-ventilador-chevrolet-swift-1600-92-96\/","name":"ELECTRO VENTILADOR CHEVROLET SWIFT 1.6 - GUARANDA FIGUEROA","isPartOf":{"@id":"https:\/\/guarandafigueroarepuestos.com\/#website"},"primaryImageOfPage":{"@id":"https:\/\/guarandafigueroarepuestos.com\/index.php\/producto\/electro-ventilador-chevrolet-swift-1600-92-96\/#primaryimage"},"image":{"@id":"https:\/\/guarandafigueroarepuestos.com\/index.php\/producto\/electro-ventilador-chevrolet-swift-1600-92-96\/#primaryimage"},"thumbnailUrl":"https:\/\/guarandafigueroarepuestos.com\/wp-content\/uploads\/2020\/07\/ELECTRO-VENTILADOR-CHEVROLET-SWIFT-1.6.png","datePublished":"2020-07-21T22:21:03+00:00","dateModified":"2025-03-20T20:03:25+00:00","description":"Compra el electroventilador para Chevrolet Swift 1.6. Repuesto de calidad y rendimiento \u00f3ptimo. Evita el sobrecalentamiento de tu motor.","breadcrumb":{"@id":"https:\/\/guarandafigueroarepuestos.com\/index.php\/producto\/electro-ventilador-chevrolet-swift-1600-92-96\/#breadcrumb"},"inLanguage":"es","potentialAction":[{"@type":"ReadAction","target":["https:\/\/guarandafigueroarepuestos.com\/index.php\/producto\/electro-ventilador-chevrolet-swift-1600-92-96\/"]}]},{"@type":"ImageObject","inLanguage":"es","@id":"https:\/\/guarandafigueroarepuestos.com\/index.php\/producto\/electro-ventilador-chevrolet-swift-1600-92-96\/#primaryimage","url":"https:\/\/guarandafigueroarepuestos.com\/wp-content\/uploads\/2020\/07\/ELECTRO-VENTILADOR-CHEVROLET-SWIFT-1.6.png","contentUrl":"https:\/\/guarandafigueroarepuestos.com\/wp-content\/uploads\/2020\/07\/ELECTRO-VENTILADOR-CHEVROLET-SWIFT-1.6.png","width":1080,"height":1080},{"@type":"BreadcrumbList","@id":"https:\/\/guarandafigueroarepuestos.com\/index.php\/producto\/electro-ventilador-chevrolet-swift-1600-92-96\/#breadcrumb","itemListElement":[{"@type":"ListItem","position":1,"name":"Portada","item":"https:\/\/guarandafigueroarepuestos.com\/"},{"@type":"ListItem","position":2,"name":"CATEGOR\u00cdAS","item":"https:\/\/guarandafigueroarepuestos.com\/index.php\/product-categories\/"},{"@type":"ListItem","position":3,"name":"ELECTRO VENTILADOR CHEVROLET SWIFT 1.6"}]},{"@type":"WebSite","@id":"https:\/\/guarandafigueroarepuestos.com\/#website","url":"https:\/\/guarandafigueroarepuestos.com\/","name":"GUARANDA FIGUEROA","description":"REPUESTOS AUTOMOTRICES","publisher":{"@id":"https:\/\/guarandafigueroarepuestos.com\/#organization"},"potentialAction":[{"@type":"SearchAction","target":{"@type":"EntryPoint","urlTemplate":"https:\/\/guarandafigueroarepuestos.com\/?s={search_term_string}"},"query-input":{"@type":"PropertyValueSpecification","valueRequired":true,"valueName":"search_term_string"}}],"inLanguage":"es"},{"@type":"Organization","@id":"https:\/\/guarandafigueroarepuestos.com\/#organization","name":"Guaranda Figueroa Repuestos","alternateName":"Guaranda Figueroa Repuestos","url":"https:\/\/guarandafigueroarepuestos.com\/","logo":{"@type":"ImageObject","inLanguage":"es","@id":"https:\/\/guarandafigueroarepuestos.com\/#\/schema\/logo\/image\/","url":"https:\/\/guarandafigueroarepuestos.com\/wp-content\/uploads\/2025\/05\/cropped-Diseno-sin-titulo-2025-05-26T171805.272-e1748377787134.png","contentUrl":"https:\/\/guarandafigueroarepuestos.com\/wp-content\/uploads\/2025\/05\/cropped-Diseno-sin-titulo-2025-05-26T171805.272-e1748377787134.png","width":34,"height":34,"caption":"Guaranda Figueroa Repuestos"},"image":{"@id":"https:\/\/guarandafigueroarepuestos.com\/#\/schema\/logo\/image\/"}}]}},"_links":{"self":[{"href":"https:\/\/guarandafigueroarepuestos.com\/index.php\/wp-json\/wp\/v2\/product\/23664","targetHints":{"allow":["GET"]}}],"collection":[{"href":"https:\/\/guarandafigueroarepuestos.com\/index.php\/wp-json\/wp\/v2\/product"}],"about":[{"href":"https:\/\/guarandafigueroarepuestos.com\/index.php\/wp-json\/wp\/v2\/types\/product"}],"replies":[{"embeddable":true,"href":"https:\/\/guarandafigueroarepuestos.com\/index.php\/wp-json\/wp\/v2\/comments?post=23664"}],"wp:featuredmedia":[{"embeddable":true,"href":"https:\/\/guarandafigueroarepuestos.com\/index.php\/wp-json\/wp\/v2\/media\/375419"}],"wp:attachment":[{"href":"https:\/\/guarandafigueroarepuestos.com\/index.php\/wp-json\/wp\/v2\/media?parent=23664"}],"wp:term":[{"taxonomy":"product_brand","embeddable":true,"href":"https:\/\/guarandafigueroarepuestos.com\/index.php\/wp-json\/wp\/v2\/product_brand?post=23664"},{"taxonomy":"product_cat","embeddable":true,"href":"https:\/\/guarandafigueroarepuestos.com\/index.php\/wp-json\/wp\/v2\/product_cat?post=23664"},{"taxonomy":"product_tag","embeddable":true,"href":"https:\/\/guarandafigueroarepuestos.com\/index.php\/wp-json\/wp\/v2\/product_tag?post=23664"}],"curies":[{"name":"wp","href":"https:\/\/api.w.org\/{rel}","templated":true}]}}