{"id":23941,"date":"2020-07-24T18:39:08","date_gmt":"2020-07-24T18:39:08","guid":{"rendered":"https:\/\/guarandafigueroarepuestos.com\/?post_type=product&#038;p=23941"},"modified":"2025-03-19T20:16:35","modified_gmt":"2025-03-19T20:16:35","slug":"tambor-freno-hyundai-accent-verna-2005","status":"publish","type":"product","link":"https:\/\/guarandafigueroarepuestos.com\/index.php\/producto\/tambor-freno-hyundai-accent-verna-2005\/","title":{"rendered":"TAMBOR FRENO HYUNDAI ACCENT VERNA 1.3 1.5"},"content":{"rendered":"<h2>TAMBOR FRENO HYUNDAI ACCENT VERNA 1.3 y 1.5<\/h2>\n<ul>\n<li>DIAMETRO INTERNO 189mm<\/li>\n<li>DIAMETRO EXTERNO 62mm<\/li>\n<li>PROFUNDIDAD 63mm<\/li>\n<\/ul>\n<p>Si eres due\u00f1o de un <strong>Hyundai Accent<\/strong> <strong>\u00a0Verna<\/strong>, sabes lo importante que es mantener en buen estado el sistema de frenos de tu veh\u00edculo. Un tambor de freno de alta calidad es esencial para asegurar una frenada efectiva y segura. En este art\u00edculo, te ofrecemos tambores de freno espec\u00edficos para <strong>Hyundai Accent<\/strong> <strong>Verna<\/strong>, con garant\u00eda de durabilidad y rendimiento superior.<\/p>\n<h4>\u00bfPor qu\u00e9 elegir un tambor de freno de calidad para tu Hyundai Accent Verna?<\/h4>\n<p>Un tambor de freno es una pieza crucial en el sistema de frenado de tu Hyundai Accent\u00a0 Verna. Estos tambores est\u00e1n dise\u00f1ados para soportar temperaturas extremas y la presi\u00f3n generada durante el proceso de frenado. Al elegir un tambor de freno de alta calidad, aseguras la seguridad de tu veh\u00edculo y prolongas la vida \u00fatil de otros componentes del sistema de frenos.<\/p>\n<h4>\u00bfC\u00f3mo Saber Si Necesitas Cambiar los Tambores de Freno de tu Hyundai?<\/h4>\n<p>Es importante estar atento a las se\u00f1ales de desgaste de los tambores de freno, como:<\/p>\n<ul>\n<li>Ruidos extra\u00f1os al frenar.<\/li>\n<li>Mayor distancia de frenado.<\/li>\n<li>Vibraciones al aplicar los frenos. Si experimentas cualquiera de estos s\u00edntomas, podr\u00eda ser el momento de cambiar los tambores de freno para evitar da\u00f1os mayores en el sistema de frenos.<\/li>\n<\/ul>\n","protected":false},"excerpt":{"rendered":"<h3>TAMBOR FRENO HYUNDAI ACCENT VERNA 1.3 y 1.5<\/h3>\n<ul>\n<li>DIAMETRO INTERNO 18.9CM<\/li>\n<li>DIAMETRO EXTERNO 62MM<\/li>\n<li>PROFUNDIDAD 63MM<\/li>\n<\/ul>\n<p><strong>MARCA:<\/strong> RECORD<\/p>\n<p><strong>ORIGEN:<\/strong> CHINO CON TECNOLOG\u00cdA JAPONES<\/p>\n<p><strong><a href=\"http:\/\/wa.me\/593987268273?text=hola%20necesito%20informacion%20del%20producto%205841125010\">CONSULTANOS, ESTAMOS AQU\u00cd PARA AYUDARTE<img decoding=\"async\" class=\"alignnone wp-image-22718\" src=\"https:\/\/guarandafigueroarepuestos.com\/wp-content\/uploads\/2020\/07\/00roto-whats00app00.png\" alt=\"\" width=\"80\" height=\"80\" srcset=\"https:\/\/guarandafigueroarepuestos.com\/wp-content\/uploads\/2020\/07\/00roto-whats00app00-66x66.png 66w, https:\/\/guarandafigueroarepuestos.com\/wp-content\/uploads\/2020\/07\/00roto-whats00app00-100x100.png 100w, https:\/\/guarandafigueroarepuestos.com\/wp-content\/uploads\/2020\/07\/00roto-whats00app00-150x150.png 150w, https:\/\/guarandafigueroarepuestos.com\/wp-content\/uploads\/2020\/07\/00roto-whats00app00-200x200.png 200w, https:\/\/guarandafigueroarepuestos.com\/wp-content\/uploads\/2020\/07\/00roto-whats00app00.png 256w\" sizes=\"(max-width: 80px) 100vw, 80px\" \/><\/a><\/strong><\/p>\n","protected":false},"featured_media":375271,"comment_status":"open","ping_status":"closed","template":"","meta":[],"product_brand":[],"product_cat":[1867],"product_tag":[1885,1886,1884,1887],"class_list":{"0":"post-23941","1":"product","2":"type-product","3":"status-publish","4":"has-post-thumbnail","6":"product_cat-tambor-de-freno","7":"product_tag-tambor-de-freno-hyundai-accent-verna-2005","8":"product_tag-tambor-de-freno-para-elhyundai-accent-verna-2005","9":"product_tag-tambor-freno-hyundai-accent-verna-2005","10":"product_tag-tambor-freno-para-el-hyundai-accent-verna-2005","11":"product_shipping_class-disco-freno","13":"first","14":"instock","15":"sale","16":"taxable","17":"shipping-taxable","18":"purchasable","19":"product-type-simple"},"yoast_head":"<!-- This site is optimized with the Yoast SEO plugin v25.1 - https:\/\/yoast.com\/wordpress\/plugins\/seo\/ -->\n<title>TAMBOR FRENO HYUNDAI ACCENT VERNA 1.3 1.5 - GUARANDA FIGUEROA<\/title>\n<meta name=\"description\" content=\"Compra ahora tu tambor de freno para Hyundai Accent y Verna y mejora la seguridad de tu veh\u00edculo. \u00a1Env\u00edo r\u00e1pido a todo el pa\u00eds!\" \/>\n<meta name=\"robots\" content=\"index, follow, max-snippet:-1, max-image-preview:large, max-video-preview:-1\" \/>\n<link rel=\"canonical\" href=\"https:\/\/guarandafigueroarepuestos.com\/index.php\/producto\/tambor-freno-hyundai-accent-verna-2005\/\" \/>\n<meta property=\"og:locale\" content=\"es_ES\" \/>\n<meta property=\"og:type\" content=\"article\" \/>\n<meta property=\"og:title\" content=\"TAMBOR FRENO HYUNDAI ACCENT VERNA 1.3 1.5 - GUARANDA FIGUEROA\" \/>\n<meta property=\"og:description\" content=\"Compra ahora tu tambor de freno para Hyundai Accent y Verna y mejora la seguridad de tu veh\u00edculo. \u00a1Env\u00edo r\u00e1pido a todo el pa\u00eds!\" \/>\n<meta property=\"og:url\" content=\"https:\/\/guarandafigueroarepuestos.com\/index.php\/producto\/tambor-freno-hyundai-accent-verna-2005\/\" \/>\n<meta property=\"og:site_name\" content=\"GUARANDA FIGUEROA\" \/>\n<meta property=\"article:modified_time\" content=\"2025-03-19T20:16:35+00:00\" \/>\n<meta property=\"og:image\" content=\"https:\/\/guarandafigueroarepuestos.com\/wp-content\/uploads\/2020\/07\/TAMBOR_HYUNDA_ACCENT.png\" \/>\n\t<meta property=\"og:image:width\" content=\"1080\" \/>\n\t<meta property=\"og:image:height\" content=\"1080\" \/>\n\t<meta property=\"og:image:type\" content=\"image\/png\" \/>\n<meta name=\"twitter:card\" content=\"summary_large_image\" \/>\n<meta name=\"twitter:label1\" content=\"Tiempo de lectura\" \/>\n\t<meta name=\"twitter:data1\" content=\"1 minuto\" \/>\n<script type=\"application\/ld+json\" class=\"yoast-schema-graph\">{\"@context\":\"https:\/\/schema.org\",\"@graph\":[{\"@type\":\"WebPage\",\"@id\":\"https:\/\/guarandafigueroarepuestos.com\/index.php\/producto\/tambor-freno-hyundai-accent-verna-2005\/\",\"url\":\"https:\/\/guarandafigueroarepuestos.com\/index.php\/producto\/tambor-freno-hyundai-accent-verna-2005\/\",\"name\":\"TAMBOR FRENO HYUNDAI ACCENT VERNA 1.3 1.5 - GUARANDA FIGUEROA\",\"isPartOf\":{\"@id\":\"https:\/\/guarandafigueroarepuestos.com\/#website\"},\"primaryImageOfPage\":{\"@id\":\"https:\/\/guarandafigueroarepuestos.com\/index.php\/producto\/tambor-freno-hyundai-accent-verna-2005\/#primaryimage\"},\"image\":{\"@id\":\"https:\/\/guarandafigueroarepuestos.com\/index.php\/producto\/tambor-freno-hyundai-accent-verna-2005\/#primaryimage\"},\"thumbnailUrl\":\"https:\/\/guarandafigueroarepuestos.com\/wp-content\/uploads\/2020\/07\/TAMBOR_HYUNDA_ACCENT.png\",\"datePublished\":\"2020-07-24T18:39:08+00:00\",\"dateModified\":\"2025-03-19T20:16:35+00:00\",\"description\":\"Compra ahora tu tambor de freno para Hyundai Accent y Verna y mejora la seguridad de tu veh\u00edculo. \u00a1Env\u00edo r\u00e1pido a todo el pa\u00eds!\",\"breadcrumb\":{\"@id\":\"https:\/\/guarandafigueroarepuestos.com\/index.php\/producto\/tambor-freno-hyundai-accent-verna-2005\/#breadcrumb\"},\"inLanguage\":\"es\",\"potentialAction\":[{\"@type\":\"ReadAction\",\"target\":[\"https:\/\/guarandafigueroarepuestos.com\/index.php\/producto\/tambor-freno-hyundai-accent-verna-2005\/\"]}]},{\"@type\":\"ImageObject\",\"inLanguage\":\"es\",\"@id\":\"https:\/\/guarandafigueroarepuestos.com\/index.php\/producto\/tambor-freno-hyundai-accent-verna-2005\/#primaryimage\",\"url\":\"https:\/\/guarandafigueroarepuestos.com\/wp-content\/uploads\/2020\/07\/TAMBOR_HYUNDA_ACCENT.png\",\"contentUrl\":\"https:\/\/guarandafigueroarepuestos.com\/wp-content\/uploads\/2020\/07\/TAMBOR_HYUNDA_ACCENT.png\",\"width\":1080,\"height\":1080},{\"@type\":\"BreadcrumbList\",\"@id\":\"https:\/\/guarandafigueroarepuestos.com\/index.php\/producto\/tambor-freno-hyundai-accent-verna-2005\/#breadcrumb\",\"itemListElement\":[{\"@type\":\"ListItem\",\"position\":1,\"name\":\"Portada\",\"item\":\"https:\/\/guarandafigueroarepuestos.com\/\"},{\"@type\":\"ListItem\",\"position\":2,\"name\":\"CATEGOR\u00cdAS\",\"item\":\"https:\/\/guarandafigueroarepuestos.com\/index.php\/product-categories\/\"},{\"@type\":\"ListItem\",\"position\":3,\"name\":\"TAMBOR FRENO HYUNDAI ACCENT VERNA 1.3 1.5\"}]},{\"@type\":\"WebSite\",\"@id\":\"https:\/\/guarandafigueroarepuestos.com\/#website\",\"url\":\"https:\/\/guarandafigueroarepuestos.com\/\",\"name\":\"GUARANDA FIGUEROA\",\"description\":\"REPUESTOS AUTOMOTRICES\",\"publisher\":{\"@id\":\"https:\/\/guarandafigueroarepuestos.com\/#organization\"},\"potentialAction\":[{\"@type\":\"SearchAction\",\"target\":{\"@type\":\"EntryPoint\",\"urlTemplate\":\"https:\/\/guarandafigueroarepuestos.com\/?s={search_term_string}\"},\"query-input\":{\"@type\":\"PropertyValueSpecification\",\"valueRequired\":true,\"valueName\":\"search_term_string\"}}],\"inLanguage\":\"es\"},{\"@type\":\"Organization\",\"@id\":\"https:\/\/guarandafigueroarepuestos.com\/#organization\",\"name\":\"Guaranda Figueroa Repuestos\",\"alternateName\":\"Guaranda Figueroa Repuestos\",\"url\":\"https:\/\/guarandafigueroarepuestos.com\/\",\"logo\":{\"@type\":\"ImageObject\",\"inLanguage\":\"es\",\"@id\":\"https:\/\/guarandafigueroarepuestos.com\/#\/schema\/logo\/image\/\",\"url\":\"https:\/\/guarandafigueroarepuestos.com\/wp-content\/uploads\/2025\/05\/cropped-Diseno-sin-titulo-2025-05-26T171805.272-e1748377787134.png\",\"contentUrl\":\"https:\/\/guarandafigueroarepuestos.com\/wp-content\/uploads\/2025\/05\/cropped-Diseno-sin-titulo-2025-05-26T171805.272-e1748377787134.png\",\"width\":34,\"height\":34,\"caption\":\"Guaranda Figueroa Repuestos\"},\"image\":{\"@id\":\"https:\/\/guarandafigueroarepuestos.com\/#\/schema\/logo\/image\/\"}}]}<\/script>\n<!-- \/ Yoast SEO plugin. -->","yoast_head_json":{"title":"TAMBOR FRENO HYUNDAI ACCENT VERNA 1.3 1.5 - GUARANDA FIGUEROA","description":"Compra ahora tu tambor de freno para Hyundai Accent y Verna y mejora la seguridad de tu veh\u00edculo. \u00a1Env\u00edo r\u00e1pido a todo el pa\u00eds!","robots":{"index":"index","follow":"follow","max-snippet":"max-snippet:-1","max-image-preview":"max-image-preview:large","max-video-preview":"max-video-preview:-1"},"canonical":"https:\/\/guarandafigueroarepuestos.com\/index.php\/producto\/tambor-freno-hyundai-accent-verna-2005\/","og_locale":"es_ES","og_type":"article","og_title":"TAMBOR FRENO HYUNDAI ACCENT VERNA 1.3 1.5 - GUARANDA FIGUEROA","og_description":"Compra ahora tu tambor de freno para Hyundai Accent y Verna y mejora la seguridad de tu veh\u00edculo. \u00a1Env\u00edo r\u00e1pido a todo el pa\u00eds!","og_url":"https:\/\/guarandafigueroarepuestos.com\/index.php\/producto\/tambor-freno-hyundai-accent-verna-2005\/","og_site_name":"GUARANDA FIGUEROA","article_modified_time":"2025-03-19T20:16:35+00:00","og_image":[{"width":1080,"height":1080,"url":"https:\/\/guarandafigueroarepuestos.com\/wp-content\/uploads\/2020\/07\/TAMBOR_HYUNDA_ACCENT.png","type":"image\/png"}],"twitter_card":"summary_large_image","twitter_misc":{"Tiempo de lectura":"1 minuto"},"schema":{"@context":"https:\/\/schema.org","@graph":[{"@type":"WebPage","@id":"https:\/\/guarandafigueroarepuestos.com\/index.php\/producto\/tambor-freno-hyundai-accent-verna-2005\/","url":"https:\/\/guarandafigueroarepuestos.com\/index.php\/producto\/tambor-freno-hyundai-accent-verna-2005\/","name":"TAMBOR FRENO HYUNDAI ACCENT VERNA 1.3 1.5 - GUARANDA FIGUEROA","isPartOf":{"@id":"https:\/\/guarandafigueroarepuestos.com\/#website"},"primaryImageOfPage":{"@id":"https:\/\/guarandafigueroarepuestos.com\/index.php\/producto\/tambor-freno-hyundai-accent-verna-2005\/#primaryimage"},"image":{"@id":"https:\/\/guarandafigueroarepuestos.com\/index.php\/producto\/tambor-freno-hyundai-accent-verna-2005\/#primaryimage"},"thumbnailUrl":"https:\/\/guarandafigueroarepuestos.com\/wp-content\/uploads\/2020\/07\/TAMBOR_HYUNDA_ACCENT.png","datePublished":"2020-07-24T18:39:08+00:00","dateModified":"2025-03-19T20:16:35+00:00","description":"Compra ahora tu tambor de freno para Hyundai Accent y Verna y mejora la seguridad de tu veh\u00edculo. \u00a1Env\u00edo r\u00e1pido a todo el pa\u00eds!","breadcrumb":{"@id":"https:\/\/guarandafigueroarepuestos.com\/index.php\/producto\/tambor-freno-hyundai-accent-verna-2005\/#breadcrumb"},"inLanguage":"es","potentialAction":[{"@type":"ReadAction","target":["https:\/\/guarandafigueroarepuestos.com\/index.php\/producto\/tambor-freno-hyundai-accent-verna-2005\/"]}]},{"@type":"ImageObject","inLanguage":"es","@id":"https:\/\/guarandafigueroarepuestos.com\/index.php\/producto\/tambor-freno-hyundai-accent-verna-2005\/#primaryimage","url":"https:\/\/guarandafigueroarepuestos.com\/wp-content\/uploads\/2020\/07\/TAMBOR_HYUNDA_ACCENT.png","contentUrl":"https:\/\/guarandafigueroarepuestos.com\/wp-content\/uploads\/2020\/07\/TAMBOR_HYUNDA_ACCENT.png","width":1080,"height":1080},{"@type":"BreadcrumbList","@id":"https:\/\/guarandafigueroarepuestos.com\/index.php\/producto\/tambor-freno-hyundai-accent-verna-2005\/#breadcrumb","itemListElement":[{"@type":"ListItem","position":1,"name":"Portada","item":"https:\/\/guarandafigueroarepuestos.com\/"},{"@type":"ListItem","position":2,"name":"CATEGOR\u00cdAS","item":"https:\/\/guarandafigueroarepuestos.com\/index.php\/product-categories\/"},{"@type":"ListItem","position":3,"name":"TAMBOR FRENO HYUNDAI ACCENT VERNA 1.3 1.5"}]},{"@type":"WebSite","@id":"https:\/\/guarandafigueroarepuestos.com\/#website","url":"https:\/\/guarandafigueroarepuestos.com\/","name":"GUARANDA FIGUEROA","description":"REPUESTOS AUTOMOTRICES","publisher":{"@id":"https:\/\/guarandafigueroarepuestos.com\/#organization"},"potentialAction":[{"@type":"SearchAction","target":{"@type":"EntryPoint","urlTemplate":"https:\/\/guarandafigueroarepuestos.com\/?s={search_term_string}"},"query-input":{"@type":"PropertyValueSpecification","valueRequired":true,"valueName":"search_term_string"}}],"inLanguage":"es"},{"@type":"Organization","@id":"https:\/\/guarandafigueroarepuestos.com\/#organization","name":"Guaranda Figueroa Repuestos","alternateName":"Guaranda Figueroa Repuestos","url":"https:\/\/guarandafigueroarepuestos.com\/","logo":{"@type":"ImageObject","inLanguage":"es","@id":"https:\/\/guarandafigueroarepuestos.com\/#\/schema\/logo\/image\/","url":"https:\/\/guarandafigueroarepuestos.com\/wp-content\/uploads\/2025\/05\/cropped-Diseno-sin-titulo-2025-05-26T171805.272-e1748377787134.png","contentUrl":"https:\/\/guarandafigueroarepuestos.com\/wp-content\/uploads\/2025\/05\/cropped-Diseno-sin-titulo-2025-05-26T171805.272-e1748377787134.png","width":34,"height":34,"caption":"Guaranda Figueroa Repuestos"},"image":{"@id":"https:\/\/guarandafigueroarepuestos.com\/#\/schema\/logo\/image\/"}}]}},"_links":{"self":[{"href":"https:\/\/guarandafigueroarepuestos.com\/index.php\/wp-json\/wp\/v2\/product\/23941","targetHints":{"allow":["GET"]}}],"collection":[{"href":"https:\/\/guarandafigueroarepuestos.com\/index.php\/wp-json\/wp\/v2\/product"}],"about":[{"href":"https:\/\/guarandafigueroarepuestos.com\/index.php\/wp-json\/wp\/v2\/types\/product"}],"replies":[{"embeddable":true,"href":"https:\/\/guarandafigueroarepuestos.com\/index.php\/wp-json\/wp\/v2\/comments?post=23941"}],"wp:featuredmedia":[{"embeddable":true,"href":"https:\/\/guarandafigueroarepuestos.com\/index.php\/wp-json\/wp\/v2\/media\/375271"}],"wp:attachment":[{"href":"https:\/\/guarandafigueroarepuestos.com\/index.php\/wp-json\/wp\/v2\/media?parent=23941"}],"wp:term":[{"taxonomy":"product_brand","embeddable":true,"href":"https:\/\/guarandafigueroarepuestos.com\/index.php\/wp-json\/wp\/v2\/product_brand?post=23941"},{"taxonomy":"product_cat","embeddable":true,"href":"https:\/\/guarandafigueroarepuestos.com\/index.php\/wp-json\/wp\/v2\/product_cat?post=23941"},{"taxonomy":"product_tag","embeddable":true,"href":"https:\/\/guarandafigueroarepuestos.com\/index.php\/wp-json\/wp\/v2\/product_tag?post=23941"}],"curies":[{"name":"wp","href":"https:\/\/api.w.org\/{rel}","templated":true}]}}