{"id":24185,"date":"2020-07-28T17:11:27","date_gmt":"2020-07-28T17:11:27","guid":{"rendered":"https:\/\/guarandafigueroarepuestos.com\/?post_type=product&#038;p=24185"},"modified":"2025-08-08T16:25:41","modified_gmt":"2025-08-08T16:25:41","slug":"ciguenal-chevrolet-corsa-1-3-1-4","status":"publish","type":"product","link":"https:\/\/guarandafigueroarepuestos.com\/index.php\/producto\/ciguenal-chevrolet-corsa-1-3-1-4\/","title":{"rendered":"CIGUE\u00d1AL CHEVROLET CORSA 1.3-1.4"},"content":{"rendered":"<h2>CIGUE\u00d1AL CHEVROLET CORSA 1.3-1.4<\/h2>\n<p><strong>COMPATIBLE CON:\u00a0<\/strong><\/p>\n<ul>\n<li><strong>CORSA WIN 1.3-1.4<\/strong><\/li>\n<li><strong>CORSA EVOLUTION 1.3-1.4<\/strong><\/li>\n<\/ul>\n<p>El cig\u00fce\u00f1al es una de las piezas m\u00e1s importantes del motor de tu Chevrolet Corsa, ya que transforma la energ\u00eda generada por la combusti\u00f3n en movimiento rotacional. Si tu coche presenta fallas en el cig\u00fce\u00f1al, es vital cambiarlo para evitar da\u00f1os mayores en el motor.<\/p>\n<h3>Caracter\u00edsticas del Cig\u00fce\u00f1al Chevrolet Corsa 1.3-1.4<\/h3>\n<ul>\n<li>Fabricaci\u00f3n de alta resistencia y durabilidad.<\/li>\n<li>Dise\u00f1ado espec\u00edficamente para los motores 1.3 y 1.4 de Chevrolet Corsa.<\/li>\n<li>Materiales de calidad para evitar desgastes prematuros.<\/li>\n<li>Compatible con modelos Corsa desde 1999 hasta 2009.<\/li>\n<\/ul>\n<h3>Beneficios de cambiar el cig\u00fce\u00f1al de tu veh\u00edculo<\/h3>\n<ul>\n<li><strong>Mayor confiabilidad<\/strong>: Un cig\u00fce\u00f1al nuevo asegura un funcionamiento suave y eficiente del motor.<\/li>\n<li><strong>Prevenci\u00f3n de da\u00f1os mayores<\/strong>: Evita que un cig\u00fce\u00f1al defectuoso cause da\u00f1os m\u00e1s graves al motor.<\/li>\n<li><strong>Mejores prestaciones<\/strong>: Aumenta la potencia del motor y mejora la respuesta del veh\u00edculo.<\/li>\n<\/ul>\n","protected":false},"excerpt":{"rendered":"<h3>CIGUE\u00d1AL CHEVROLET CORSA 1.3-1.4<\/h3>\n<p><strong>COMPATIBLE CON:\u00a0<\/strong><\/p>\n<ul>\n<li>CORSA WIN 1.3-1.4<\/li>\n<li>CORSA EVOLUTION 1.3-1.4<\/li>\n<\/ul>\n<p><strong>MARCA:<\/strong> IMPORT<\/p>\n<p><strong>ORIGEN:<\/strong> TAIWANES<\/p>\n<p>\u00bfTienes dudas? \u00a1Estamos aqu\u00ed para ayudarte! Haz clic en el siguiente enlace y recibe atenci\u00f3n personalizada al instante.<\/p>\n<p><a href=\"http:\/\/wa.me\/593987383784?text=HOLA,%20NECESITO%20INFORMACI\u00d3N%20DEL%20PRODUCTO%25...\"><strong>\u00a0Haz clic aqu\u00ed para hablar con nosotros en WhatsApp.<\/strong><\/a><\/p>\n","protected":false},"featured_media":375224,"comment_status":"open","ping_status":"closed","template":"","meta":[],"product_brand":[],"product_cat":[2003],"product_tag":[2020,2021,2023,2022],"class_list":{"0":"post-24185","1":"product","2":"type-product","3":"status-publish","4":"has-post-thumbnail","6":"product_cat-ciguenales","7":"product_tag-ciguenal-chevrolet-corsa-1-3-1-4","8":"product_tag-ciguenal-de-el-chevrolet-corsa-1-3-1-4","9":"product_tag-ciguenal-del-chevrolet-corsa-1-3-1-4","10":"product_tag-ciguenal-para-el-chevrolet-corsa-1-3-1-4","11":"product_shipping_class-ciguenal","13":"first","14":"instock","15":"sale","16":"taxable","17":"shipping-taxable","18":"purchasable","19":"product-type-simple"},"yoast_head":"<!-- This site is optimized with the Yoast SEO plugin v25.1 - https:\/\/yoast.com\/wordpress\/plugins\/seo\/ -->\n<title>CIGUE\u00d1AL CHEVROLET CORSA 1.3-1.4 - GUARANDA FIGUEROA<\/title>\n<meta name=\"description\" content=\"Compra cig\u00fce\u00f1al para Chevrolet Corsa 1.3 y 1.4. Repuestos duraderos y con garant\u00eda. Encuentra los mejores precios en piezas para tu veh\u00edculo.\" \/>\n<meta name=\"robots\" content=\"index, follow, max-snippet:-1, max-image-preview:large, max-video-preview:-1\" \/>\n<link rel=\"canonical\" href=\"https:\/\/guarandafigueroarepuestos.com\/index.php\/producto\/ciguenal-chevrolet-corsa-1-3-1-4\/\" \/>\n<meta property=\"og:locale\" content=\"es_ES\" \/>\n<meta property=\"og:type\" content=\"article\" \/>\n<meta property=\"og:title\" content=\"CIGUE\u00d1AL CHEVROLET CORSA 1.3-1.4 - GUARANDA FIGUEROA\" \/>\n<meta property=\"og:description\" content=\"Compra cig\u00fce\u00f1al para Chevrolet Corsa 1.3 y 1.4. Repuestos duraderos y con garant\u00eda. Encuentra los mejores precios en piezas para tu veh\u00edculo.\" \/>\n<meta property=\"og:url\" content=\"https:\/\/guarandafigueroarepuestos.com\/index.php\/producto\/ciguenal-chevrolet-corsa-1-3-1-4\/\" \/>\n<meta property=\"og:site_name\" content=\"GUARANDA FIGUEROA\" \/>\n<meta property=\"article:modified_time\" content=\"2025-08-08T16:25:41+00:00\" \/>\n<meta property=\"og:image\" content=\"https:\/\/guarandafigueroarepuestos.com\/wp-content\/uploads\/2020\/07\/CIGUENAL-CORSA-WIN.png\" \/>\n\t<meta property=\"og:image:width\" content=\"1080\" \/>\n\t<meta property=\"og:image:height\" content=\"1080\" \/>\n\t<meta property=\"og:image:type\" content=\"image\/png\" \/>\n<meta name=\"twitter:card\" content=\"summary_large_image\" \/>\n<meta name=\"twitter:label1\" content=\"Tiempo de lectura\" \/>\n\t<meta name=\"twitter:data1\" content=\"1 minuto\" \/>\n<script type=\"application\/ld+json\" class=\"yoast-schema-graph\">{\"@context\":\"https:\/\/schema.org\",\"@graph\":[{\"@type\":\"WebPage\",\"@id\":\"https:\/\/guarandafigueroarepuestos.com\/index.php\/producto\/ciguenal-chevrolet-corsa-1-3-1-4\/\",\"url\":\"https:\/\/guarandafigueroarepuestos.com\/index.php\/producto\/ciguenal-chevrolet-corsa-1-3-1-4\/\",\"name\":\"CIGUE\u00d1AL CHEVROLET CORSA 1.3-1.4 - GUARANDA FIGUEROA\",\"isPartOf\":{\"@id\":\"https:\/\/guarandafigueroarepuestos.com\/#website\"},\"primaryImageOfPage\":{\"@id\":\"https:\/\/guarandafigueroarepuestos.com\/index.php\/producto\/ciguenal-chevrolet-corsa-1-3-1-4\/#primaryimage\"},\"image\":{\"@id\":\"https:\/\/guarandafigueroarepuestos.com\/index.php\/producto\/ciguenal-chevrolet-corsa-1-3-1-4\/#primaryimage\"},\"thumbnailUrl\":\"https:\/\/guarandafigueroarepuestos.com\/wp-content\/uploads\/2020\/07\/CIGUENAL-CORSA-WIN.png\",\"datePublished\":\"2020-07-28T17:11:27+00:00\",\"dateModified\":\"2025-08-08T16:25:41+00:00\",\"description\":\"Compra cig\u00fce\u00f1al para Chevrolet Corsa 1.3 y 1.4. Repuestos duraderos y con garant\u00eda. Encuentra los mejores precios en piezas para tu veh\u00edculo.\",\"breadcrumb\":{\"@id\":\"https:\/\/guarandafigueroarepuestos.com\/index.php\/producto\/ciguenal-chevrolet-corsa-1-3-1-4\/#breadcrumb\"},\"inLanguage\":\"es\",\"potentialAction\":[{\"@type\":\"ReadAction\",\"target\":[\"https:\/\/guarandafigueroarepuestos.com\/index.php\/producto\/ciguenal-chevrolet-corsa-1-3-1-4\/\"]}]},{\"@type\":\"ImageObject\",\"inLanguage\":\"es\",\"@id\":\"https:\/\/guarandafigueroarepuestos.com\/index.php\/producto\/ciguenal-chevrolet-corsa-1-3-1-4\/#primaryimage\",\"url\":\"https:\/\/guarandafigueroarepuestos.com\/wp-content\/uploads\/2020\/07\/CIGUENAL-CORSA-WIN.png\",\"contentUrl\":\"https:\/\/guarandafigueroarepuestos.com\/wp-content\/uploads\/2020\/07\/CIGUENAL-CORSA-WIN.png\",\"width\":1080,\"height\":1080},{\"@type\":\"BreadcrumbList\",\"@id\":\"https:\/\/guarandafigueroarepuestos.com\/index.php\/producto\/ciguenal-chevrolet-corsa-1-3-1-4\/#breadcrumb\",\"itemListElement\":[{\"@type\":\"ListItem\",\"position\":1,\"name\":\"Portada\",\"item\":\"https:\/\/guarandafigueroarepuestos.com\/\"},{\"@type\":\"ListItem\",\"position\":2,\"name\":\"CATEGOR\u00cdAS\",\"item\":\"https:\/\/guarandafigueroarepuestos.com\/index.php\/product-categories\/\"},{\"@type\":\"ListItem\",\"position\":3,\"name\":\"CIGUE\u00d1AL CHEVROLET CORSA 1.3-1.4\"}]},{\"@type\":\"WebSite\",\"@id\":\"https:\/\/guarandafigueroarepuestos.com\/#website\",\"url\":\"https:\/\/guarandafigueroarepuestos.com\/\",\"name\":\"GUARANDA FIGUEROA\",\"description\":\"REPUESTOS AUTOMOTRICES\",\"publisher\":{\"@id\":\"https:\/\/guarandafigueroarepuestos.com\/#organization\"},\"potentialAction\":[{\"@type\":\"SearchAction\",\"target\":{\"@type\":\"EntryPoint\",\"urlTemplate\":\"https:\/\/guarandafigueroarepuestos.com\/?s={search_term_string}\"},\"query-input\":{\"@type\":\"PropertyValueSpecification\",\"valueRequired\":true,\"valueName\":\"search_term_string\"}}],\"inLanguage\":\"es\"},{\"@type\":\"Organization\",\"@id\":\"https:\/\/guarandafigueroarepuestos.com\/#organization\",\"name\":\"Guaranda Figueroa Repuestos\",\"alternateName\":\"Guaranda Figueroa Repuestos\",\"url\":\"https:\/\/guarandafigueroarepuestos.com\/\",\"logo\":{\"@type\":\"ImageObject\",\"inLanguage\":\"es\",\"@id\":\"https:\/\/guarandafigueroarepuestos.com\/#\/schema\/logo\/image\/\",\"url\":\"https:\/\/guarandafigueroarepuestos.com\/wp-content\/uploads\/2025\/05\/cropped-Diseno-sin-titulo-2025-05-26T171805.272-e1748377787134.png\",\"contentUrl\":\"https:\/\/guarandafigueroarepuestos.com\/wp-content\/uploads\/2025\/05\/cropped-Diseno-sin-titulo-2025-05-26T171805.272-e1748377787134.png\",\"width\":34,\"height\":34,\"caption\":\"Guaranda Figueroa Repuestos\"},\"image\":{\"@id\":\"https:\/\/guarandafigueroarepuestos.com\/#\/schema\/logo\/image\/\"}}]}<\/script>\n<!-- \/ Yoast SEO plugin. -->","yoast_head_json":{"title":"CIGUE\u00d1AL CHEVROLET CORSA 1.3-1.4 - GUARANDA FIGUEROA","description":"Compra cig\u00fce\u00f1al para Chevrolet Corsa 1.3 y 1.4. Repuestos duraderos y con garant\u00eda. Encuentra los mejores precios en piezas para tu veh\u00edculo.","robots":{"index":"index","follow":"follow","max-snippet":"max-snippet:-1","max-image-preview":"max-image-preview:large","max-video-preview":"max-video-preview:-1"},"canonical":"https:\/\/guarandafigueroarepuestos.com\/index.php\/producto\/ciguenal-chevrolet-corsa-1-3-1-4\/","og_locale":"es_ES","og_type":"article","og_title":"CIGUE\u00d1AL CHEVROLET CORSA 1.3-1.4 - GUARANDA FIGUEROA","og_description":"Compra cig\u00fce\u00f1al para Chevrolet Corsa 1.3 y 1.4. Repuestos duraderos y con garant\u00eda. Encuentra los mejores precios en piezas para tu veh\u00edculo.","og_url":"https:\/\/guarandafigueroarepuestos.com\/index.php\/producto\/ciguenal-chevrolet-corsa-1-3-1-4\/","og_site_name":"GUARANDA FIGUEROA","article_modified_time":"2025-08-08T16:25:41+00:00","og_image":[{"width":1080,"height":1080,"url":"https:\/\/guarandafigueroarepuestos.com\/wp-content\/uploads\/2020\/07\/CIGUENAL-CORSA-WIN.png","type":"image\/png"}],"twitter_card":"summary_large_image","twitter_misc":{"Tiempo de lectura":"1 minuto"},"schema":{"@context":"https:\/\/schema.org","@graph":[{"@type":"WebPage","@id":"https:\/\/guarandafigueroarepuestos.com\/index.php\/producto\/ciguenal-chevrolet-corsa-1-3-1-4\/","url":"https:\/\/guarandafigueroarepuestos.com\/index.php\/producto\/ciguenal-chevrolet-corsa-1-3-1-4\/","name":"CIGUE\u00d1AL CHEVROLET CORSA 1.3-1.4 - GUARANDA FIGUEROA","isPartOf":{"@id":"https:\/\/guarandafigueroarepuestos.com\/#website"},"primaryImageOfPage":{"@id":"https:\/\/guarandafigueroarepuestos.com\/index.php\/producto\/ciguenal-chevrolet-corsa-1-3-1-4\/#primaryimage"},"image":{"@id":"https:\/\/guarandafigueroarepuestos.com\/index.php\/producto\/ciguenal-chevrolet-corsa-1-3-1-4\/#primaryimage"},"thumbnailUrl":"https:\/\/guarandafigueroarepuestos.com\/wp-content\/uploads\/2020\/07\/CIGUENAL-CORSA-WIN.png","datePublished":"2020-07-28T17:11:27+00:00","dateModified":"2025-08-08T16:25:41+00:00","description":"Compra cig\u00fce\u00f1al para Chevrolet Corsa 1.3 y 1.4. Repuestos duraderos y con garant\u00eda. Encuentra los mejores precios en piezas para tu veh\u00edculo.","breadcrumb":{"@id":"https:\/\/guarandafigueroarepuestos.com\/index.php\/producto\/ciguenal-chevrolet-corsa-1-3-1-4\/#breadcrumb"},"inLanguage":"es","potentialAction":[{"@type":"ReadAction","target":["https:\/\/guarandafigueroarepuestos.com\/index.php\/producto\/ciguenal-chevrolet-corsa-1-3-1-4\/"]}]},{"@type":"ImageObject","inLanguage":"es","@id":"https:\/\/guarandafigueroarepuestos.com\/index.php\/producto\/ciguenal-chevrolet-corsa-1-3-1-4\/#primaryimage","url":"https:\/\/guarandafigueroarepuestos.com\/wp-content\/uploads\/2020\/07\/CIGUENAL-CORSA-WIN.png","contentUrl":"https:\/\/guarandafigueroarepuestos.com\/wp-content\/uploads\/2020\/07\/CIGUENAL-CORSA-WIN.png","width":1080,"height":1080},{"@type":"BreadcrumbList","@id":"https:\/\/guarandafigueroarepuestos.com\/index.php\/producto\/ciguenal-chevrolet-corsa-1-3-1-4\/#breadcrumb","itemListElement":[{"@type":"ListItem","position":1,"name":"Portada","item":"https:\/\/guarandafigueroarepuestos.com\/"},{"@type":"ListItem","position":2,"name":"CATEGOR\u00cdAS","item":"https:\/\/guarandafigueroarepuestos.com\/index.php\/product-categories\/"},{"@type":"ListItem","position":3,"name":"CIGUE\u00d1AL CHEVROLET CORSA 1.3-1.4"}]},{"@type":"WebSite","@id":"https:\/\/guarandafigueroarepuestos.com\/#website","url":"https:\/\/guarandafigueroarepuestos.com\/","name":"GUARANDA FIGUEROA","description":"REPUESTOS AUTOMOTRICES","publisher":{"@id":"https:\/\/guarandafigueroarepuestos.com\/#organization"},"potentialAction":[{"@type":"SearchAction","target":{"@type":"EntryPoint","urlTemplate":"https:\/\/guarandafigueroarepuestos.com\/?s={search_term_string}"},"query-input":{"@type":"PropertyValueSpecification","valueRequired":true,"valueName":"search_term_string"}}],"inLanguage":"es"},{"@type":"Organization","@id":"https:\/\/guarandafigueroarepuestos.com\/#organization","name":"Guaranda Figueroa Repuestos","alternateName":"Guaranda Figueroa Repuestos","url":"https:\/\/guarandafigueroarepuestos.com\/","logo":{"@type":"ImageObject","inLanguage":"es","@id":"https:\/\/guarandafigueroarepuestos.com\/#\/schema\/logo\/image\/","url":"https:\/\/guarandafigueroarepuestos.com\/wp-content\/uploads\/2025\/05\/cropped-Diseno-sin-titulo-2025-05-26T171805.272-e1748377787134.png","contentUrl":"https:\/\/guarandafigueroarepuestos.com\/wp-content\/uploads\/2025\/05\/cropped-Diseno-sin-titulo-2025-05-26T171805.272-e1748377787134.png","width":34,"height":34,"caption":"Guaranda Figueroa Repuestos"},"image":{"@id":"https:\/\/guarandafigueroarepuestos.com\/#\/schema\/logo\/image\/"}}]}},"_links":{"self":[{"href":"https:\/\/guarandafigueroarepuestos.com\/index.php\/wp-json\/wp\/v2\/product\/24185","targetHints":{"allow":["GET"]}}],"collection":[{"href":"https:\/\/guarandafigueroarepuestos.com\/index.php\/wp-json\/wp\/v2\/product"}],"about":[{"href":"https:\/\/guarandafigueroarepuestos.com\/index.php\/wp-json\/wp\/v2\/types\/product"}],"replies":[{"embeddable":true,"href":"https:\/\/guarandafigueroarepuestos.com\/index.php\/wp-json\/wp\/v2\/comments?post=24185"}],"wp:featuredmedia":[{"embeddable":true,"href":"https:\/\/guarandafigueroarepuestos.com\/index.php\/wp-json\/wp\/v2\/media\/375224"}],"wp:attachment":[{"href":"https:\/\/guarandafigueroarepuestos.com\/index.php\/wp-json\/wp\/v2\/media?parent=24185"}],"wp:term":[{"taxonomy":"product_brand","embeddable":true,"href":"https:\/\/guarandafigueroarepuestos.com\/index.php\/wp-json\/wp\/v2\/product_brand?post=24185"},{"taxonomy":"product_cat","embeddable":true,"href":"https:\/\/guarandafigueroarepuestos.com\/index.php\/wp-json\/wp\/v2\/product_cat?post=24185"},{"taxonomy":"product_tag","embeddable":true,"href":"https:\/\/guarandafigueroarepuestos.com\/index.php\/wp-json\/wp\/v2\/product_tag?post=24185"}],"curies":[{"name":"wp","href":"https:\/\/api.w.org\/{rel}","templated":true}]}}